{"id":98,"date":"2015-07-26T10:32:46","date_gmt":"2015-07-26T10:32:46","guid":{"rendered":"https:\/\/jra.abaae.pt\/plataforma\/?page_id=98"},"modified":"2023-10-16T12:31:34","modified_gmt":"2023-10-16T11:31:34","slug":"inscricoes-jra","status":"publish","type":"page","link":"https:\/\/jra.abaae.pt\/plataforma\/inscricoes-jra\/","title":{"rendered":"Inscri\u00e7\u00f5es JRA"},"content":{"rendered":"\n<h1 class=\"wp-block-heading\">Inscri\u00e7\u00f5es 2025\/26<\/h1>\n\n\n\n<p><strong>Est\u00e3o abertas as inscri\u00e7\u00f5es para Jovens Rep\u00f3rteres para o Ambiente 2025\/26.<\/strong><\/p>\n\n\n\n<p>Para participar nos Jovens Rep\u00f3rteres para o Ambiente podes integrar-te num grupo escolar coordenado por pelo menos um(a) professor(a), ou optar por ser um JRA <em>Freelancer<\/em> (se tens mais de 15 anos).<\/p>\n\n\n\n<p>Se \u00e9s um Escu\/oteiro podes agora tamb\u00e9m participar nos Jovens Rep\u00f3rteres para o Ambiente, representando o teu Agrupamento\/Grupo de Escu\/oteiros.<\/p>\n\n\n\n<div class=\"wp-block-columns is-layout-flex wp-container-core-columns-is-layout-9d6595d7 wp-block-columns-is-layout-flex\">\n<div class=\"wp-block-column is-layout-flow wp-block-column-is-layout-flow\"><div class=\"a35-box a35-content\"><div class=\"a35-box-content\"><\/p>\n<h3>JRA na escola<\/h3>\n<p><img fetchpriority=\"high\" decoding=\"async\" data-attachment-id=\"116\" data-permalink=\"https:\/\/jra.abaae.pt\/plataforma\/inscricoes-jra\/jra_user2\/\" data-orig-file=\"https:\/\/jra.abaae.pt\/plataforma\/wp-content\/uploads\/2015\/07\/jra_user2.png\" data-orig-size=\"256,256\" data-comments-opened=\"1\" data-image-meta=\"{&quot;aperture&quot;:&quot;0&quot;,&quot;credit&quot;:&quot;&quot;,&quot;camera&quot;:&quot;&quot;,&quot;caption&quot;:&quot;&quot;,&quot;created_timestamp&quot;:&quot;0&quot;,&quot;copyright&quot;:&quot;&quot;,&quot;focal_length&quot;:&quot;0&quot;,&quot;iso&quot;:&quot;0&quot;,&quot;shutter_speed&quot;:&quot;0&quot;,&quot;title&quot;:&quot;&quot;,&quot;orientation&quot;:&quot;0&quot;}\" data-image-title=\"JRA na escola\" data-image-description=\"\" data-image-caption=\"\" data-large-file=\"https:\/\/jra.abaae.pt\/plataforma\/wp-content\/uploads\/2015\/07\/jra_user2.png\" class=\"alignnone size-full wp-image-116\" src=\"\/plataforma\/wp-content\/uploads\/2015\/07\/jra_user2.png\" alt=\"JRA na escola\" width=\"256\" height=\"256\" srcset=\"https:\/\/jra.abaae.pt\/plataforma\/wp-content\/uploads\/2015\/07\/jra_user2.png 256w, https:\/\/jra.abaae.pt\/plataforma\/wp-content\/uploads\/2015\/07\/jra_user2-150x150.png 150w, https:\/\/jra.abaae.pt\/plataforma\/wp-content\/uploads\/2015\/07\/jra_user2-160x160.png 160w, https:\/\/jra.abaae.pt\/plataforma\/wp-content\/uploads\/2015\/07\/jra_user2-240x240.png 240w, https:\/\/jra.abaae.pt\/plataforma\/wp-content\/uploads\/2015\/07\/jra_user2-60x60.png 60w, https:\/\/jra.abaae.pt\/plataforma\/wp-content\/uploads\/2015\/07\/jra_user2-184x184.png 184w\" sizes=\"(max-width: 256px) 100vw, 256px\" \/><\/p>\n<ol>\n<li>O(a) professor(a) coordenador(a) deve fazer login no portal JRA<sup>(*)<\/sup>.<\/li>\n<li>Inscrever a sua escola.<\/li>\n<li>Associar a esta o projeto que vai ser alvo de investiga\u00e7\u00e3o e reportagens dos jovens que coordena.<\/li>\n<\/ol>\n<p style=\"text-align: center;\"><a href=\"\/plataforma\/inscricoes-jra\/inscricao-professor-jra\/\" class=\"btn btn-default\" target=\"_self\">Inscri\u00e7\u00e3o Professor<\/a><\/p>\n<p><\/div><\/div>\n<\/div>\n\n\n\n<div class=\"wp-block-column is-layout-flow wp-block-column-is-layout-flow\"><div class=\"a35-box a35-content\"><div class=\"a35-box-content\"><\/p>\n<h3>JRA Freelancer<\/h3>\n<p><img decoding=\"async\" data-attachment-id=\"117\" data-permalink=\"https:\/\/jra.abaae.pt\/plataforma\/inscricoes-jra\/jra_user\/\" data-orig-file=\"https:\/\/jra.abaae.pt\/plataforma\/wp-content\/uploads\/2015\/07\/jra_user.png\" data-orig-size=\"256,256\" data-comments-opened=\"1\" data-image-meta=\"{&quot;aperture&quot;:&quot;0&quot;,&quot;credit&quot;:&quot;&quot;,&quot;camera&quot;:&quot;&quot;,&quot;caption&quot;:&quot;&quot;,&quot;created_timestamp&quot;:&quot;0&quot;,&quot;copyright&quot;:&quot;&quot;,&quot;focal_length&quot;:&quot;0&quot;,&quot;iso&quot;:&quot;0&quot;,&quot;shutter_speed&quot;:&quot;0&quot;,&quot;title&quot;:&quot;&quot;,&quot;orientation&quot;:&quot;0&quot;}\" data-image-title=\"JRA Freelancer\" data-image-description=\"\" data-image-caption=\"\" data-large-file=\"https:\/\/jra.abaae.pt\/plataforma\/wp-content\/uploads\/2015\/07\/jra_user.png\" class=\"alignnone size-full wp-image-117\" src=\"\/plataforma\/wp-content\/uploads\/2015\/07\/jra_user.png\" alt=\"JRA Freelancer\" width=\"256\" height=\"256\" srcset=\"https:\/\/jra.abaae.pt\/plataforma\/wp-content\/uploads\/2015\/07\/jra_user.png 256w, https:\/\/jra.abaae.pt\/plataforma\/wp-content\/uploads\/2015\/07\/jra_user-150x150.png 150w, https:\/\/jra.abaae.pt\/plataforma\/wp-content\/uploads\/2015\/07\/jra_user-160x160.png 160w, https:\/\/jra.abaae.pt\/plataforma\/wp-content\/uploads\/2015\/07\/jra_user-240x240.png 240w, https:\/\/jra.abaae.pt\/plataforma\/wp-content\/uploads\/2015\/07\/jra_user-60x60.png 60w, https:\/\/jra.abaae.pt\/plataforma\/wp-content\/uploads\/2015\/07\/jra_user-184x184.png 184w\" sizes=\"(max-width: 256px) 100vw, 256px\" \/><\/p>\n<ol>\n<li>Inscri\u00e7\u00e3o de jovens que realizam investiga\u00e7\u00e3o e reportagem ambiental.<\/li>\n<li>N\u00e3o necessitam de estar ligados a nenhuma escola\/ institui\u00e7\u00e3o.<\/li>\n<li>Dever\u00e3o explicitar o projeto\/tema que pretendem publicar, podendo publicar artigos, fotografias ou v\u00eddeos bem com participar nos concursos nacional e internacional.<\/li>\n<\/ol>\n<p style=\"text-align: center;\"><a href=\"\/plataforma\/inscricoes-jra\/inscricao-freelancer-jra\/\" class=\"btn btn-default\" target=\"_self\">Inscri\u00e7\u00e3o Freelancer<\/a><\/p>\n<p><\/div><\/div>\n\n\n\n<p><\/p>\n<\/div>\n<\/div>\n\n\n\n<div class=\"wp-block-columns is-layout-flex wp-container-core-columns-is-layout-9d6595d7 wp-block-columns-is-layout-flex\">\n<div class=\"wp-block-column is-layout-flow wp-block-column-is-layout-flow\"><div class=\"a35-box a35-content\"><div class=\"a35-box-content\"><\/p>\n<h3>JRA nos Escu\/oteiros<\/h3>\n<p><img decoding=\"async\" data-attachment-id=\"116\" data-permalink=\"https:\/\/jra.abaae.pt\/plataforma\/inscricoes-jra\/jra_user2\/\" data-orig-file=\"https:\/\/jra.abaae.pt\/plataforma\/wp-content\/uploads\/2015\/07\/jra_user2.png\" data-orig-size=\"256,256\" data-comments-opened=\"1\" data-image-meta=\"{&quot;aperture&quot;:&quot;0&quot;,&quot;credit&quot;:&quot;&quot;,&quot;camera&quot;:&quot;&quot;,&quot;caption&quot;:&quot;&quot;,&quot;created_timestamp&quot;:&quot;0&quot;,&quot;copyright&quot;:&quot;&quot;,&quot;focal_length&quot;:&quot;0&quot;,&quot;iso&quot;:&quot;0&quot;,&quot;shutter_speed&quot;:&quot;0&quot;,&quot;title&quot;:&quot;&quot;,&quot;orientation&quot;:&quot;0&quot;}\" data-image-title=\"JRA na escola\" data-image-description=\"\" data-image-caption=\"\" data-large-file=\"https:\/\/jra.abaae.pt\/plataforma\/wp-content\/uploads\/2015\/07\/jra_user2.png\" class=\"alignnone size-full wp-image-116\" src=\"\/plataforma\/wp-content\/uploads\/2022\/11\/jra_user3.png\" alt=\"JRA nos Escu\/oteiros\" width=\"256\" height=\"256\"><\/p>\n<ol>\n<li>O Agrupamento\/Grupo de Escu\/oteiros deve fazer login no portal JRA<sup>(*)<\/sup>.<\/li>\n<li>Inscrever o seu agrupamento\/grupo.<\/li>\n<li>Associar a este o projeto que vai ser alvo de investiga\u00e7\u00e3o e reportagens do agrupamento\/grupo que coordena.<\/li>\n<\/ol>\n<p style=\"text-align: center;\"><a href=\"\/plataforma\/inscricoes-jra\/inscricao-escuteiro-jra\/\" class=\"btn btn-default\" target=\"_self\">Inscri\u00e7\u00e3o Escu\/oteiro<\/a><\/p>\n<p><\/div><\/div>\n<\/div>\n\n\n\n<div class=\"wp-block-column is-layout-flow wp-block-column-is-layout-flow\"><\/div>\n<\/div>\n","protected":false},"excerpt":{"rendered":"<p>Inscri\u00e7\u00f5es Est\u00e3o abertas as inscri\u00e7\u00f5es para Jovens Rep\u00f3rteres para o Ambiente . Para participar nos Jovens Rep\u00f3rteres para o Ambiente podes integrar-te num grupo escolar coordenado por pelo menos um(a) professor(a), ou optar por ser um JRA Freelancer (se tens mais de 15 anos). Se \u00e9s um Escu\/oteiro podes agora tamb\u00e9m participar nos Jovens Rep\u00f3rteres&#8230;<\/p>\n","protected":false},"author":1,"featured_media":0,"parent":0,"menu_order":0,"comment_status":"closed","ping_status":"closed","template":"","meta":{"footnotes":""},"class_list":["post-98","page","type-page","status-publish","hentry"],"yoast_head":"<!-- This site is optimized with the Yoast SEO plugin v27.4 - https:\/\/yoast.com\/product\/yoast-seo-wordpress\/ -->\n<title>Inscri\u00e7\u00f5es JRA - Jovens Rep\u00f3rteres para o Ambiente<\/title>\n<meta name=\"robots\" content=\"index, follow, max-snippet:-1, max-image-preview:large, max-video-preview:-1\" \/>\n<link rel=\"canonical\" href=\"https:\/\/jra.abaae.pt\/plataforma\/inscricoes-jra\/\" \/>\n<script type=\"application\/ld+json\" class=\"yoast-schema-graph\">{\"@context\":\"https:\\\/\\\/schema.org\",\"@graph\":[{\"@type\":\"WebPage\",\"@id\":\"https:\\\/\\\/jra.abaae.pt\\\/plataforma\\\/inscricoes-jra\\\/\",\"url\":\"https:\\\/\\\/jra.abaae.pt\\\/plataforma\\\/inscricoes-jra\\\/\",\"name\":\"Inscri\u00e7\u00f5es JRA - Jovens Rep\u00f3rteres para o Ambiente\",\"isPartOf\":{\"@id\":\"https:\\\/\\\/jra.abaae.pt\\\/plataforma\\\/#website\"},\"datePublished\":\"2015-07-26T10:32:46+00:00\",\"dateModified\":\"2023-10-16T11:31:34+00:00\",\"breadcrumb\":{\"@id\":\"https:\\\/\\\/jra.abaae.pt\\\/plataforma\\\/inscricoes-jra\\\/#breadcrumb\"},\"inLanguage\":\"en-US\",\"potentialAction\":[{\"@type\":\"ReadAction\",\"target\":[\"https:\\\/\\\/jra.abaae.pt\\\/plataforma\\\/inscricoes-jra\\\/\"]}]},{\"@type\":\"BreadcrumbList\",\"@id\":\"https:\\\/\\\/jra.abaae.pt\\\/plataforma\\\/inscricoes-jra\\\/#breadcrumb\",\"itemListElement\":[{\"@type\":\"ListItem\",\"position\":1,\"name\":\"Home\",\"item\":\"https:\\\/\\\/jra.abaae.pt\\\/plataforma\\\/\"},{\"@type\":\"ListItem\",\"position\":2,\"name\":\"Inscri\u00e7\u00f5es JRA\"}]},{\"@type\":\"WebSite\",\"@id\":\"https:\\\/\\\/jra.abaae.pt\\\/plataforma\\\/#website\",\"url\":\"https:\\\/\\\/jra.abaae.pt\\\/plataforma\\\/\",\"name\":\"Jovens Rep\u00f3rteres para o Ambiente\",\"description\":\"Investiga\u00e7\u00e3o, ambiente, jornalismo, comunica\u00e7\u00e3o, internet\",\"publisher\":{\"@id\":\"https:\\\/\\\/jra.abaae.pt\\\/plataforma\\\/#organization\"},\"potentialAction\":[{\"@type\":\"SearchAction\",\"target\":{\"@type\":\"EntryPoint\",\"urlTemplate\":\"https:\\\/\\\/jra.abaae.pt\\\/plataforma\\\/?s={search_term_string}\"},\"query-input\":{\"@type\":\"PropertyValueSpecification\",\"valueRequired\":true,\"valueName\":\"search_term_string\"}}],\"inLanguage\":\"en-US\"},{\"@type\":\"Organization\",\"@id\":\"https:\\\/\\\/jra.abaae.pt\\\/plataforma\\\/#organization\",\"name\":\"Jovens Rep\u00f3rteres para o Ambiente\",\"url\":\"https:\\\/\\\/jra.abaae.pt\\\/plataforma\\\/\",\"logo\":{\"@type\":\"ImageObject\",\"inLanguage\":\"en-US\",\"@id\":\"https:\\\/\\\/jra.abaae.pt\\\/plataforma\\\/#\\\/schema\\\/logo\\\/image\\\/\",\"url\":\"https:\\\/\\\/jra.abaae.pt\\\/plataforma\\\/wp-content\\\/uploads\\\/2020\\\/11\\\/jra-logo.png\",\"contentUrl\":\"https:\\\/\\\/jra.abaae.pt\\\/plataforma\\\/wp-content\\\/uploads\\\/2020\\\/11\\\/jra-logo.png\",\"width\":512,\"height\":512,\"caption\":\"Jovens Rep\u00f3rteres para o Ambiente\"},\"image\":{\"@id\":\"https:\\\/\\\/jra.abaae.pt\\\/plataforma\\\/#\\\/schema\\\/logo\\\/image\\\/\"},\"sameAs\":[\"https:\\\/\\\/www.facebook.com\\\/jraportugal\",\"https:\\\/\\\/x.com\\\/yreportugal\",\"https:\\\/\\\/www.instagram.com\\\/jovens_reporteres\\\/\"]}]}<\/script>\n<!-- \/ Yoast SEO plugin. -->","yoast_head_json":{"title":"Inscri\u00e7\u00f5es JRA - Jovens Rep\u00f3rteres para o Ambiente","robots":{"index":"index","follow":"follow","max-snippet":"max-snippet:-1","max-image-preview":"max-image-preview:large","max-video-preview":"max-video-preview:-1"},"canonical":"https:\/\/jra.abaae.pt\/plataforma\/inscricoes-jra\/","schema":{"@context":"https:\/\/schema.org","@graph":[{"@type":"WebPage","@id":"https:\/\/jra.abaae.pt\/plataforma\/inscricoes-jra\/","url":"https:\/\/jra.abaae.pt\/plataforma\/inscricoes-jra\/","name":"Inscri\u00e7\u00f5es JRA - Jovens Rep\u00f3rteres para o Ambiente","isPartOf":{"@id":"https:\/\/jra.abaae.pt\/plataforma\/#website"},"datePublished":"2015-07-26T10:32:46+00:00","dateModified":"2023-10-16T11:31:34+00:00","breadcrumb":{"@id":"https:\/\/jra.abaae.pt\/plataforma\/inscricoes-jra\/#breadcrumb"},"inLanguage":"en-US","potentialAction":[{"@type":"ReadAction","target":["https:\/\/jra.abaae.pt\/plataforma\/inscricoes-jra\/"]}]},{"@type":"BreadcrumbList","@id":"https:\/\/jra.abaae.pt\/plataforma\/inscricoes-jra\/#breadcrumb","itemListElement":[{"@type":"ListItem","position":1,"name":"Home","item":"https:\/\/jra.abaae.pt\/plataforma\/"},{"@type":"ListItem","position":2,"name":"Inscri\u00e7\u00f5es JRA"}]},{"@type":"WebSite","@id":"https:\/\/jra.abaae.pt\/plataforma\/#website","url":"https:\/\/jra.abaae.pt\/plataforma\/","name":"Jovens Rep\u00f3rteres para o Ambiente","description":"Investiga\u00e7\u00e3o, ambiente, jornalismo, comunica\u00e7\u00e3o, internet","publisher":{"@id":"https:\/\/jra.abaae.pt\/plataforma\/#organization"},"potentialAction":[{"@type":"SearchAction","target":{"@type":"EntryPoint","urlTemplate":"https:\/\/jra.abaae.pt\/plataforma\/?s={search_term_string}"},"query-input":{"@type":"PropertyValueSpecification","valueRequired":true,"valueName":"search_term_string"}}],"inLanguage":"en-US"},{"@type":"Organization","@id":"https:\/\/jra.abaae.pt\/plataforma\/#organization","name":"Jovens Rep\u00f3rteres para o Ambiente","url":"https:\/\/jra.abaae.pt\/plataforma\/","logo":{"@type":"ImageObject","inLanguage":"en-US","@id":"https:\/\/jra.abaae.pt\/plataforma\/#\/schema\/logo\/image\/","url":"https:\/\/jra.abaae.pt\/plataforma\/wp-content\/uploads\/2020\/11\/jra-logo.png","contentUrl":"https:\/\/jra.abaae.pt\/plataforma\/wp-content\/uploads\/2020\/11\/jra-logo.png","width":512,"height":512,"caption":"Jovens Rep\u00f3rteres para o Ambiente"},"image":{"@id":"https:\/\/jra.abaae.pt\/plataforma\/#\/schema\/logo\/image\/"},"sameAs":["https:\/\/www.facebook.com\/jraportugal","https:\/\/x.com\/yreportugal","https:\/\/www.instagram.com\/jovens_reporteres\/"]}]}},"jetpack_sharing_enabled":true,"_links":{"self":[{"href":"https:\/\/jra.abaae.pt\/plataforma\/wp-json\/wp\/v2\/pages\/98","targetHints":{"allow":["GET"]}}],"collection":[{"href":"https:\/\/jra.abaae.pt\/plataforma\/wp-json\/wp\/v2\/pages"}],"about":[{"href":"https:\/\/jra.abaae.pt\/plataforma\/wp-json\/wp\/v2\/types\/page"}],"author":[{"embeddable":true,"href":"https:\/\/jra.abaae.pt\/plataforma\/wp-json\/wp\/v2\/users\/1"}],"replies":[{"embeddable":true,"href":"https:\/\/jra.abaae.pt\/plataforma\/wp-json\/wp\/v2\/comments?post=98"}],"version-history":[{"count":3,"href":"https:\/\/jra.abaae.pt\/plataforma\/wp-json\/wp\/v2\/pages\/98\/revisions"}],"predecessor-version":[{"id":24705,"href":"https:\/\/jra.abaae.pt\/plataforma\/wp-json\/wp\/v2\/pages\/98\/revisions\/24705"}],"wp:attachment":[{"href":"https:\/\/jra.abaae.pt\/plataforma\/wp-json\/wp\/v2\/media?parent=98"}],"curies":[{"name":"wp","href":"https:\/\/api.w.org\/{rel}","templated":true}]}}